p + 25. Is l composite?
False
Let l(r) = 3*r**3 + r**2. Let o be l(-1). Let h be 2/(o/3)*-1. Suppose 5*i + 4*q - 245 = 0, -i - 4*q + 196 = h*i. Is i a composite number?
True
Let y(r) = 53*r. Is y(1) a composite number?
False
Suppose 2134 = 4*r - 3*q, 2677 = -0*r + 5*r + q. Is r a prime number?
False
Is 1657/(4 + -1 + -2) prime?
True
Suppose q - 27 = 4*w, 4*q - 2*q = 6. Let b = -4 - w. Is 2*(b - (-135)/6) composite?
True
Suppose 0*s + 344 = 2*s. Suppose -y = 3*y - s. Is y composite?
False
Let y(r) = r**3 - 2*r**2 - 2*r. Let t be y(2). Is (2935/20)/((-1)/t) a composite number?
False
Let c = 168 + -80. Suppose 4*y = 2*y. Suppose 4*f + y*f - c = 0. Is f a composite number?
True
Suppose 3*v + 4*s - 5*s - 902 = 0, s = -v + 302. Let z = v - 162. Is z a prime number?
True
Let r be (7/1)/((-10)/20). Is 4/r - (-2742)/42 composite?
True
Suppose 944 = 2*c - 0*c. Suppose -c = 5*l - 1487. Is l a composite number?
True
Suppose 2*x = 3*x - 5. Suppose 6*u + x = 7*u. Suppose h = -u + 36. Is h a prime number?
True
Let f be (1 - -7)/(2 + 0). Suppose f + 0 = h. Suppose -2*k + 0*k = -h, -5*z = k - 327. Is z a composite number?
True
Let s(y) be the second derivative of -y + 0 + 1/3*y**4 - 5/6*y**3 + 2*y**2. Is s(3) a prime number?
False
Let x = -49 - -192. Is x prime?
False
Let o be -1*(-1 + -1 + 0). Is (-4 - -3)/o*-382 prime?
True
Suppose -4 = -5*u + 6. Let h be u + 88/(-1) - -2. Let c = h - -161. Is c prime?
False
Suppose -4*g = 2*l - 1190, -4*g - l + 340 + 849 = 0. Let w = g + -176. Is w composite?
True
Let z(c) = -180*c - 1. Let a be z(1). Let i = a - -470. Is i a prime number?
False
Suppose -2*p + 1516 = 2*p. Is p a prime number?
True
Let b be -573*((-8)/6)/2. Suppose 0 = 4*v - 2*v - b. Is v composite?
False
Suppose -793 = -5*t + 262. Suppose -5*b - 15 = 0, -4*o + 0*b - 3*b + t = 0. Is o composite?
True
Suppose -c = 5 - 166. Is c composite?
True
Let v = 413 + -264. Is v prime?
True
Let o(g) = 38 + 44 + g**3 + 3. Let m = 0 - 0. Is o(m) prime?
False
Suppose 2*v = -v + 93. Is v prime?
True
Suppose -4*h + 8*h = 1004. Is h a prime number?
True
Let g = 20 + -18. Let u be 1 + (-2 + 479 - -2). Suppose -2*h + 174 = 4*x, 3*x + g*x + u = 5*h. Is h composite?
True
Let i(q) be the third derivative of q**5/20 - 5*q**4/24 - q**3/6 + 4*q**2. Is i(6) prime?
False
Suppose 6*l = 2*l + 268. Is l a prime number?
True
Let s be 2 + -172 + 2/1. Suppose -8*c - 5*p + 1225 = -3*c, -2*p - 735 = -3*c. Let j = s + c. Is j a prime number?
False
Let b(n) = 6*n**3 - 10*n**2 - 8*n - 7. Let c(q) = -q**3 + 1. Let u(x) = -b(x) - 5*c(x). Suppose -23 = -3*r + 7. Is u(r) a prime number?
False
Let h = -145 + 214. Is h composite?
True
Let x = 2 - 3. Let a be 3 - (0 + x + -1). Suppose 0 = 4*r + 5*s - 37, -a*r = -7*s + 4*s. Is r prime?
True
Suppose -3*w + 2*w = -10. Let b(k) = k**2 - k + 1. Is b(w) a composite number?
True
Let n(h) = 119*h**3 - 3*h**2 + 2*h. Suppose 2*t + 5*w + 18 = 0, 0 = 3*t - 5*w - 28 + 5. Is n(t) composite?
True
Let f = -340 + 531. Is f prime?
True
Let l be 2/(-6)*-3 + 3. Suppose l*b - 65 = 71. Is b composite?
True
Let f(t) = -t**3 + 2*t**2 - t + 2. Let b be f(3). Let p be b/(-35) - 264/(-7). Is p + (-7 + 2 - -2) a composite number?
True
Suppose 5*t - 3*t = 3*s + 359, 0 = -3*t + 3*s + 540. Is t a composite number?
False
Suppose 4 = -q + 6. Suppose q*j - j + 2 = 0. Is 631/j*4/(-2) prime?
True
Is ((-758)/(-4))/(3/6) prime?
True
Let u(m) = m**2 + 8*m - 12. Let g be u(-9). Is (g - -1)/(16/(-1528)) a composite number?
False
Suppose -2*h - 2*h - 5*v - 44 = 0, 3*h + 22 = -v. Let a = h + 10. Suppose -a*g - g = -745. Is g composite?
False
Suppose -9*k - 1902 = -44355. Is k a prime number?
False
Let u(b) = 4*b**3 + 39 + 0*b + b**2 + b - 5*b**3 + 38. Suppose s = -s. Is u(s) a prime number?
False
Suppose -4*d - 3*x = -511, 607 = 5*d + 4*x - 32. Is d a composite number?
False
Let l(o) = 2*o**2 + 9*o + 2. Is l(-7) a prime number?
True
Let z(j) = 24*j**2 - 3*j + 3. Let a be z(-4). Suppose n - a = -2*n. Suppose -3*i + n = -68. Is i a prime number?
True
Let i = -622 - -936. Suppose 0*l - i = -2*l. Is l a composite number?
False
Let q = -421 - -684. Is q prime?
True
Let a = 106 - 35. Is a a prime number?
True
Let b(j) = 26*j**2 + 2*j + 2. Let a be b(-3). Suppose 0 = -21*k + 19*k + a. Is k composite?
True
Is (-1650)/(5/(-1)) + -1 composite?
True
Let a(f) be the second derivative of -f**3/2 + f**2/2 + 2*f. Is a(-3) composite?
True
Let z(d) = 115*d**3 - d**2 + d + 1. Let w be z(-1). Let r = -25 - w. Is r a composite number?
True
Is (9/(-6))/((-6)/2228) composite?
False
Suppose -236 = -j - 13. Suppose 2*z = -j + 633. Is z composite?
True
Is (0 - 1023)*(14/(-6))/7 prime?
False
Let h = -9 + 122. Is h a prime number?
True
Suppose -4*w - 19188 = -1152. Let a be 2/(-3*6/w). Suppose -5*i + a = 16. Is i a composite number?
False
Suppose 5*f - 2*f - 141 = 0. Is f composite?
False
Suppose 2*l = 7 - 3. Suppose -y - 2*h - 2*h + 95 = 0, -l*y = -h - 235. Is y composite?
True
Let v = -15 + 28. Suppose -5 - v = -t - 2*o, -80 = -4*t - 4*o. Is t a composite number?
True
Suppose -4*y + 2*d + 80 = 0, 0 = -2*y + 6*y + d - 86. Let h = 32 - y. Is h prime?
True
Suppose -4*x + 72 + 3484 = 0. Is x composite?
True
Let p(t) = -t**2 + 5*t - 4. Let c be p(5). Let i be 10*(3/(-2))/(-1). Let u = i + c. Is u a prime number?
True
Suppose 2*l + 1235 = 7*l. Let j = -170 + l. Is j a composite number?
True
Let b = 4 - -6. Let w = 25 - b. Is w a composite number?
True
Let a(p) = p**3 - 8*p**2 + 5. Let w be a(8). Suppose q = b + 19, 2*q + w*b = -q + 73. Is q a composite number?
True
Let b(v) = -v**2 + 5*v - 3. Let z be b(3). Let p = 78 - -256. Suppose -z = -2*u + 1, -u + p = 4*s. Is s prime?
True
Let r(x) = -6*x + 1. Let m be r(1). Let u = 2 - m. Is u a composite number?
False
Suppose c = 4*c - 2*x - 12559, 5*c = 2*x + 20933. Is c prime?
False
Let q(h) = -5*h**3 - 2*h**2 - 4*h - 1. Let k be q(-3). Suppose -3*r + k = -139. Is r a composite number?
False
Let x(s) = s**3 + 0*s**3 - s - 2*s**3 - 6 + 6*s**2 - s. Suppose 0*j + 10 = 2*j. Is x(j) a prime number?
False
Let g(j) = -2*j - 1. Let r(i) = i**2 - 2*i. Let o be r(4). Let p be g(o). Let s = p - -27. Is s composite?
True
Suppose 0 = 3*y + y - 8. Is (-499 + 0/y)/(-1) a composite number?
False
Let l be ((-3)/3)/((-3)/15). Suppose 4*n - l*c + 1202 = 0, 5*n + 1480 = -3*c - 2*c. Let h = n - -437. Is h prime?
True
Is 1*(-7971)/(-27) - (-2)/(-9) a composite number?
True
Let x be 658*(-2 + 3) + 3. Suppose -x = -5*f - 226. Is f composite?
True
Let v = -70 + 98. Let j = 75 - v. Is j composite?
False
Let v(y) = -y**2 + 491. Is v(0) composite?
False
Let c(m) = -m**3 + 5*m**2 + 7*m - 16. Is c(5) a prime number?
True
Is 6/(-14) + 8346/21 a prime number?
True
Let y(q) = 2*q. Let p be y(3). Let x(d) = -d**2 + 5*d - 6. Let o be x(2). Is ((-3)/p - o)*-94 composite?
False
Suppose -4*x + 68 = 5*k - k, 4*k + 3*x = 63. Let o(y) = y - 4 + 3 - k*y. Is o(-4) prime?
True
Suppose m - 351 = 122. Let c = -310 + m. Is c composite?
False
Is (-382)/(-16)*-2*-4 a prime number?
True
Let o be 1/(-3)*(0 + -9). Suppose g - 5*k + 14 = 0, k = o*k - 8. Let q(x) = x + 1. Is q(g) a prime number?
True
Suppose -m = 7 - 11. Suppose -m*w + 264 = -w. Let x = w - 21. Is x a composite number?
False
Suppose -3*x + 2*x = -40. Let u = 267 + x. Is u a prime number?
True
Let r(h) = -17*h**3 - 5*h**2 + 6*h - 7. Is r(-6) composite?
False
Let x = 12 + 23. Is x*1*(4 - 3) prime?
False
Suppose z = -2*q - 0 - 10, -2*q + 98 = -5*z. Let g be (3/(-4))/(2/(-72)). Let y = g + z. Is y a composite number?
True
Let m(x) = x**2 - 3*x + 2. Let c be m(4). Is (c/4)/((-2)/(-76)) a composite number?
True
Let f(l) = l**3 + 25*l**2 + l - 11. Is f(-24) composite?
False
Let f(g) = 2*g**2 + 12*g - 17. Let t(h) = -h**3 + 2*h**2 + 5*h. Let m be t(4). Is f(m) prime?
True
Let n be (-35)/(-20) - (-2)/8. Suppose 0 = n*z + z - 1005. Is z a composite number?
True
Let a be (-1)/4 + (-767)/4. Let f = a + 281. Is f a prime number?
True
Let q = 70 + 23. Let h = 132 - q. Is h composite?
True
Let q(h) = -h**3 - h**2 + 2*h - 2. Suppose -3*y = -d - 0 + 4, y - 2*d = 7. Is q(y) prime?
False
Suppose 11*j = 10*j + 2521. Is j prime?
True
Let v(l) = 12*l**2 - 5*l - 4. Let c(t) = 12*t**2 - 6*t - 5. Let a(s) = -2*c(s) + 3*v(s). Is a(-3) a prime number?
False
Let f(n) = 9*n - 1. Let r be f(3)